{"id":3,"date":"2024-08-13T16:12:56","date_gmt":"2024-08-13T16:12:56","guid":{"rendered":"http:\/\/chucaocreaciones.cl\/?page_id=3"},"modified":"2025-08-19T16:31:30","modified_gmt":"2025-08-19T16:31:30","slug":"privacy-policy","status":"publish","type":"page","link":"https:\/\/chucaocreaciones.cl\/?page_id=3","title":{"rendered":"Pol\u00edtica de Privacidad"},"content":{"rendered":"\t\t<div data-elementor-type=\"wp-page\" data-elementor-id=\"3\" class=\"elementor elementor-3\" data-elementor-post-type=\"page\">\n\t\t\t\t<div class=\"elementor-element elementor-element-63a42630 e-flex e-con-boxed e-con e-parent\" data-id=\"63a42630\" data-element_type=\"container\">\n\t\t\t\t\t<div class=\"e-con-inner\">\n\t\t\t\t<div class=\"elementor-element elementor-element-49270a2c elementor-widget elementor-widget-text-editor\" data-id=\"49270a2c\" data-element_type=\"widget\" data-widget_type=\"text-editor.default\">\n\t\t\t\t<div class=\"elementor-widget-container\">\n\t\t\t\t\t\t\t<!-- wp:heading -->\n<p data-start=\"793\" data-end=\"972\">En Chucao Creaciones valoramos y respetamos la privacidad de nuestros clientes y visitantes. Esta pol\u00edtica explica c\u00f3mo recopilamos, usamos y protegemos tu informaci\u00f3n personal.<\/p>\n<p data-start=\"974\" data-end=\"1010\"><strong data-start=\"974\" data-end=\"1008\">1. Informaci\u00f3n que recopilamos<\/strong><\/p>\n<ul data-start=\"1011\" data-end=\"1265\">\n<li data-start=\"1011\" data-end=\"1083\">\n<p data-start=\"1013\" data-end=\"1083\">Datos de contacto: nombre, correo electr\u00f3nico, direcci\u00f3n y tel\u00e9fono.<\/p>\n<\/li>\n<li data-start=\"1084\" data-end=\"1164\">\n<p data-start=\"1086\" data-end=\"1164\">Datos de compra: productos adquiridos, m\u00e9todos de pago y direcci\u00f3n de env\u00edo.<\/p>\n<\/li>\n<li data-start=\"1165\" data-end=\"1265\">\n<p data-start=\"1167\" data-end=\"1265\">Datos de navegaci\u00f3n: cookies y estad\u00edsticas an\u00f3nimas para mejorar la experiencia en nuestra web.<\/p>\n<\/li>\n<\/ul>\n<p data-start=\"1267\" data-end=\"1297\"><strong data-start=\"1267\" data-end=\"1295\">2. Uso de la informaci\u00f3n<\/strong><\/p>\n<ul data-start=\"1298\" data-end=\"1456\">\n<li data-start=\"1298\" data-end=\"1335\">\n<p data-start=\"1300\" data-end=\"1335\">Procesar y despachar tus pedidos.<\/p>\n<\/li>\n<li data-start=\"1336\" data-end=\"1378\">\n<p data-start=\"1338\" data-end=\"1378\">Responder consultas y brindar soporte.<\/p>\n<\/li>\n<li data-start=\"1379\" data-end=\"1456\">\n<p data-start=\"1381\" data-end=\"1456\">Enviar novedades, promociones y actualizaciones (si aceptas suscribirte).<\/p>\n<\/li>\n<\/ul>\n<p data-start=\"1458\" data-end=\"1486\"><strong data-start=\"1458\" data-end=\"1484\">3. Protecci\u00f3n de datos<\/strong><\/p>\n<ul data-start=\"1487\" data-end=\"1696\">\n<li data-start=\"1487\" data-end=\"1605\">\n<p data-start=\"1489\" data-end=\"1605\">No compartimos tu informaci\u00f3n con terceros sin tu consentimiento, salvo lo necesario para procesar pagos y env\u00edos.<\/p>\n<\/li>\n<li data-start=\"1606\" data-end=\"1696\">\n<p data-start=\"1608\" data-end=\"1696\">Implementamos medidas de seguridad t\u00e9cnicas y organizativas para resguardar tus datos.<\/p>\n<\/li>\n<\/ul>\n<p data-start=\"1698\" data-end=\"1871\"><strong data-start=\"1698\" data-end=\"1729\">4. Derechos de los usuarios<\/strong><br data-start=\"1729\" data-end=\"1732\" \/>En cualquier momento puedes solicitar acceso, rectificaci\u00f3n o eliminaci\u00f3n de tus datos escribi\u00e9ndonos a <strong data-start=\"1836\" data-end=\"1868\"><a class=\"cursor-pointer\" rel=\"noopener\" data-start=\"1838\" data-end=\"1866\">contacto@chucaocreaciones.cl<\/a><\/strong>.<\/p>\n<p data-start=\"1873\" data-end=\"2019\"><strong data-start=\"1873\" data-end=\"1887\">5. Cookies<\/strong><br data-start=\"1887\" data-end=\"1890\" \/>Este sitio utiliza cookies para mejorar tu experiencia de navegaci\u00f3n. Puedes desactivarlas en la configuraci\u00f3n de tu navegador.<\/p>\n<p data-start=\"2021\" data-end=\"2187\"><strong data-start=\"2021\" data-end=\"2052\">6. Cambios en esta pol\u00edtica<\/strong><br data-start=\"2052\" data-end=\"2055\" \/>Nos reservamos el derecho de modificar esta pol\u00edtica en cualquier momento. Las actualizaciones se publicar\u00e1n en esta misma p\u00e1gina.<\/p>\n<!-- \/wp:paragraph -->\n<p>\u00a0<\/p>\t\t\t\t\t\t<\/div>\n\t\t\t\t<\/div>\n\t\t\t\t\t<\/div>\n\t\t\t\t<\/div>\n\t\t\t\t<\/div>\n\t\t","protected":false},"excerpt":{"rendered":"<p>En Chucao Creaciones valoramos y respetamos la privacidad de nuestros clientes y visitantes. Esta pol\u00edtica explica c\u00f3mo recopilamos, usamos y protegemos tu informaci\u00f3n personal. 1. Informaci\u00f3n que recopilamos Datos de contacto: nombre, correo electr\u00f3nico, direcci\u00f3n y tel\u00e9fono. Datos de compra: productos adquiridos, m\u00e9todos de pago y direcci\u00f3n de env\u00edo. Datos de navegaci\u00f3n: cookies y estad\u00edsticas [&hellip;]<\/p>\n","protected":false},"author":1,"featured_media":0,"parent":0,"menu_order":0,"comment_status":"closed","ping_status":"closed","template":"","meta":{"footnotes":""},"class_list":["post-3","page","type-page","status-publish","hentry"],"_links":{"self":[{"href":"https:\/\/chucaocreaciones.cl\/index.php?rest_route=\/wp\/v2\/pages\/3","targetHints":{"allow":["GET"]}}],"collection":[{"href":"https:\/\/chucaocreaciones.cl\/index.php?rest_route=\/wp\/v2\/pages"}],"about":[{"href":"https:\/\/chucaocreaciones.cl\/index.php?rest_route=\/wp\/v2\/types\/page"}],"author":[{"embeddable":true,"href":"https:\/\/chucaocreaciones.cl\/index.php?rest_route=\/wp\/v2\/users\/1"}],"replies":[{"embeddable":true,"href":"https:\/\/chucaocreaciones.cl\/index.php?rest_route=%2Fwp%2Fv2%2Fcomments&post=3"}],"version-history":[{"count":5,"href":"https:\/\/chucaocreaciones.cl\/index.php?rest_route=\/wp\/v2\/pages\/3\/revisions"}],"predecessor-version":[{"id":16963,"href":"https:\/\/chucaocreaciones.cl\/index.php?rest_route=\/wp\/v2\/pages\/3\/revisions\/16963"}],"wp:attachment":[{"href":"https:\/\/chucaocreaciones.cl\/index.php?rest_route=%2Fwp%2Fv2%2Fmedia&parent=3"}],"curies":[{"name":"wp","href":"https:\/\/api.w.org\/{rel}","templated":true}]}}